13) to base 9.
-3
-1 (base 16) to base 7
-1
What is -14 (base 10) in base 2?
-1110
What is 1 (base 16) in base 10?
1
Convert -21 (base 4) to base 11.
-9
Convert -43 (base 15) to base 10.
-63
Convert -9 (base 15) to base 11.
-9
Convert -10 (base 8) to base 4.
-20
Convert 16 (base 10) to base 6.
24
Convert 10 (base 7) to base 6.
11
-211 (base 3) to base 13
-19
What is 13 (base 6) in base 8?
11
52 (base 12) to base 9
68
12 (base 16) to base 13
15
What is -6 (base 11) in base 16?
-6
-a (base 16) to base 11
-a
What is 7 (base 9) in base 14?
7
5 (base 11) to base 12
5
Convert 40 (base 14) to base 16.
38
-2 (base 15) to base 9
-2
What is a1 (base 11) in base 15?
76
What is -12 (base 15) in base 6?
-25
What is -60 (base 16) in base 4?
-1200
Convert 26 (base 13) to base 4.
200
Convert 3 (base 14) to base 10.
3
Convert -4 (base 16) to base 8.
-4
What is -101100 (base 2) in base 10?
-44
What is 131 (base 4) in base 11?
27
Convert -138 (base 11) to base 15.
-ac
What is -13 (base 6) in base 13?
-9
Convert -12 (base 4) to base 3.
-20
What is -11 (base 3) in base 16?
-4
Convert -1a (base 13) to base 10.
-23
Convert 2 (base 11) to base 16.
2
103 (base 7) to base 9
57
Convert 47 (base 10) to base 8.
57
What is 241 (base 6) in base 11?
89
8 (base 13) to base 4
20
165 (base 8) to base 7
225
What is 101 (base 4) in base 11?
16
What is 34 (base 6) in base 8?
26
-2 (base 8) to base 12
-2
Convert 1 (base 2) to base 13.
1
What is -5 (base 13) in base 5?
-10
What is 3 (base 11) in base 2?
11
What is 3 (base 16) in base 13?
3
Convert -38 (base 13) to base 16.
-2f
What is -12 (base 5) in base 3?
-21
What is 10 (base 6) in base 13?
6
What is -2 (base 3) in base 14?
-2
Convert -41 (base 11) to base 3.
-1200
What is 20 (base 10) in base 11?
19
Convert -4 (base 15) to base 8.
-4
Convert -300 (base 10) to base 3.
-102010
Convert -1 (base 2) to base 14.
-1
What is -dc (base 14) in base 11?
-167
5 (base 12) to base 8
5
-6 (base 16) to base 8
-6
What is 8 (base 16) in base 7?
11
-15 (base 6) to base 15
-b
Convert -101001 (base 2) to base 4.
-221
Convert 8 (base 16) to base 6.
12
What is 16b (base 13) in base 12?
196
What is -158 (base 10) in base 9?
-185
Convert 44 (base 5) to base 11.
22
What is 6 (base 9) in base 15?
6
What is -101 (base 3) in base 9?
-11
Convert 3a (base 13) to base 14.
37
Convert -3 (base 14) to base 12.
-3
-262 (base 9) to base 8
-332
-1101 (base 4) to base 11
-74
1012 (base 3) to base 10
32
7 (base 12) to base 8
7
Convert -10 (base 6) to base 16.
-6
Convert -1e (base 16) to base 12.
-26
What is 95 (base 14) in base 7?
245
-12 (base 3) to base 7
-5
3 (base 9) to base 16
3
What is 12021 (base 3) in base 13?
ac
3 (base 14) to base 15
3
What is -10 (base 9) in base 16?
-9
-2200 (base 3) to base 16
-48
0 (base 11) to base 6
0
What is -2 (base 8) in base 5?
-2
Convert -3 (base 7) to base 14.
-3
Convert -32 (base 7) to base 2.
-10111
1 (base 12) to base 16
1
-41 (base 14) to base 10
-57
What is 5 (base 13) in base 2?
101
-6 (base 14) to base 12
-6
Convert 52 (base 8) to base 7.
60
-21000 (base 3) to base 15
-c9
Convert 3 (base 4) to base 10.
3
1152 (base 6) to base 12
1b8
What is 20 (base 14) in base 7?
40
Convert 7a (base 11) to base 7.
153
What is -1 (base 8) in base 5?
-1
What is -84 (base 14) in base 12?
-98
100001000 (base 2) to base 11
220
What is 3 (base 5) in base 15?
3
7b (base 12) to base 14
6b
377 (base 9) to base 10
313
10 (base 5) to base 7
5
What is 111111 (base 2) in base 14?
47
1 (base 2) to base 3
1
32 (base 16) to base 5
200
What is -12 (base 3) in base 11?
-5
Convert -5 (base 7) to base 14.
-5
What is -18 (base 15) in base 9?
-25
What is 8 (base 16) in base 11?
8
Convert -227 (base 9) to base 11.
-160
13 (base 12) to base 11
14
14 (base 10) to base 16
e
What is -2 (base 9) in base 16?
-2
-326 (base 9) to base 4
-10023
-77 (base 10) to base 15
-52
What is 611 (base 7) in base 15?
152
Convert -2 (base 3) to base 2.
-10
Convert 30 (base 8) to base 16.
18
What is 3 (base 12) in base 2?
11
What is -85 (base 10) in base 9?
-104
240 (base 5) to base 15
4a
-10100100 (base 2) to base 7
-323
Convert 2 (base 3) to base 14.
2
What is -30 (base 16) in base 13?
-39
What is 2 (base 16) in base 6?
2
Convert 6 (base 11) to base 2.
110
Convert 8 (base 16) to base 12.
8
What is 5 (base 6) in base 14?
5
Convert 152 (base 6) to base 15.
48
What is 11 (base 2) in base 9?
3
Convert 8 (base 13) to base 15.
8
Convert 13 (base 8) to base 4.
23
What is 0 (base 11) in base 5?
0
What is -4 (base 12) in base 3?
-11
Convert 431 (base 6) to base 3.
20001
-67 (base 8) to base 15
-3a
What is -1 (base 2) in base 10?
-1
2 (base 15) to base 11
2
-420 (base 5) to base 11
-a0
Convert 5 (base 16) to base 4.
11
-4 (base 9) to base 7
-4
What is -4 (base 5) in base 16?
-4
-300 (base 4) to base 11
-44
What is -10 (base 12) in base 5?
-22
11 (base 2) to base 12
3
Convert 129 (base 10) to base 16.
81
0 (base 3) to base 15
0
-27 (base 11) to base 5
-104
What is 56 (base 16) in base 8?
126
-101 (base 3) to base 6
-14
b (base 15) to base 5
21
What is -109 (base 16) in base 11?
-221
Convert -38 (base 9) to base 12.
-2b
What is -75 (base 10) in base 15?
-50
Convert 2231 (base 4) to base 6.
445
4 (base 9) to base 12
4
5 (base 16) to base 8
5
-10 (base 9) to base 14
-9
Convert -8d (base 14) to base 7.
-236
0 (base 5) to base 15
0
4 (base 13) to base 7
4
What is 0 (base 11) in base 16?
0
Convert 0 (base 7) to base 12.
0
Convert -2 (base 4) to base 16.
-2
Convert 0 (base 8) to base 12.
0
Convert 1001 (base 2) to base 9.
10
Convert 66 (base 13) to base 15.
59
Convert 14 (base 11) to base 16.
f
What is -16 (base 12) in base 6?
-30
What is -100 (base 2) in base 3?
-11
Convert -13 (base 15) to base 12.
-16
0 (base 12) to base 5
0
Convert 40 (base 8) to base 16.
20
What is 20 (base 3) in base 2?
110
Convert d (base 16) to base 6.
21
What is -1001 (base 3) in base 9?
-31
What is -33 (base 9) in base 13?
-24
Convert -67 (base 13) to base 14.
-61
-7 (base 14) to base 3
-21
Convert 48 (base 12) to base 11.
51
Convert 72 (base 13) to base 3.
10110
Convert 321 (base 11) to base 5.
3021
75 (base 8) to base 10
61
-101000111 (base 2) to base 11
-278
Convert 6 (base 14) to base 15.
6
What is -52 (base 16) in base 5?
-312
What is 42 (base 11) in base 9?
51
What is 3 (base 7) in base 11?
3
Convert 20 (base 7) to base 9.
15
8 (base 12) to base 5
13
Convert -14 (base 5) to base 10.
-9
What is 220 (base 3) in base 13?
1b
Convert 6 (base 14) to base 3.
20
117 (base 9) to base 14
6d
1 (base 8) to base 6
1
What is 0 (base 4) in base 5?
0
Convert 17 (base 10) to base 2.
10001
What is 11011 (base 2) in base 6?
43
11 (base 2) to base 12
3
Convert -102 (base 6) to base 15.
-28
Convert 11110 (base 2) to base 14.
22
Convert -1 (base 14) to base 6.
-1
What is 62 (base 14) in base 13?
68
-41 (base 5) to base 3
-210
36 (base 10) to base 3
1100
Convert -106 (base 8) to base 12.
-5a
-3 (base 5) to base 11
-3
-2 (base 12) to base 10
-2
Convert 1 (base 10) to base 14.
1
Convert -10 (base 5) to base 15.
-5
What is -218 (base 10) in base 14?
-118
-76 (base 9) to base 14
-4d
-68 (base 10) to base 6
-152
120 (base 5) to base 10
35
-2 (base 4) to base 9
-2
8 (base 9) to base 12
8
-11100 (base 2) to base 14
-20
Convert -b0 (base 15) to base 5.
-1130
What is -34 (base 15) in base 11?
-45
41 (base 5) to base 15
16
0 (base 15) to base 5
0
2b (base 16) to base 9
47
What is 447 (base 8) in base 10?
295
What is 1 (base 7) in base 2?
1
-2021 (base 4) to base 6
-345
Convert -23 (base 5) to base 7.
-16
What is 2 (base 5) in base 13?
2
-200 (base 3) to base 5
-33
16 (base 7) to base 12
11
What is 4e (base 15) in base 6?
202
Convert 3 (base 9) to base 2.
11
What is 1 (base 16) in base 5?
1
2 (base 14) to base 2
10
What is 25 (base 14) in base 13?
27
44 (base 12) to base 8
64
Convert -110 (base 2) to base 16.
-6
Convert -124 (base 9) to base 16.
-67
Convert -10 (base 6) to base 14.
-6
Convert 35 (base 11) to base 3.
1102
What is -4 (base 13) in base 5?
-4
What is 10 (base 5) in base 2?
101
5 (base 14) to base 11
5
What is 2000 (base 3) in base 16?
36
-1 (base 2) to base 13
-1
Convert b (base 13) to base 6.
15
12 (base 3) to base 7
5
Convert 5d (base 14) to base 8.
123
9 (base 12) to base 3
100
What is 0 (base 2) in base 12?
0
What is -148 (base 